{"id":1509,"date":"2023-06-02T04:00:36","date_gmt":"2023-06-02T04:00:36","guid":{"rendered":"https:\/\/frigochef.com.mx\/cuautitlan\/?page_id=1509"},"modified":"2023-08-28T21:36:49","modified_gmt":"2023-08-28T21:36:49","slug":"carrito","status":"publish","type":"page","link":"https:\/\/frigochef.com.mx\/cuautitlan\/carrito\/","title":{"rendered":"Carrito"},"content":{"rendered":"\t\t<div data-elementor-type=\"wp-post\" data-elementor-id=\"1509\" class=\"elementor elementor-1509\" data-elementor-post-type=\"page\">\n\t\t\t\t\t\t<section class=\"elementor-section elementor-top-section elementor-element elementor-element-274e4e3 elementor-section-boxed elementor-section-height-default elementor-section-height-default\" data-id=\"274e4e3\" data-element_type=\"section\">\n\t\t\t\t\t\t<div class=\"elementor-container elementor-column-gap-default\">\n\t\t\t\t\t<div class=\"elementor-column elementor-col-100 elementor-top-column elementor-element elementor-element-d5b33e8\" data-id=\"d5b33e8\" data-element_type=\"column\">\n\t\t\t<div class=\"elementor-widget-wrap elementor-element-populated\">\n\t\t\t\t\t\t<div class=\"elementor-element elementor-element-947061f elementor-widget elementor-widget-shortcode\" data-id=\"947061f\" data-element_type=\"widget\" data-widget_type=\"shortcode.default\">\n\t\t\t\t<div class=\"elementor-widget-container\">\n\t\t\t\t\t\t\t<div class=\"elementor-shortcode\"><\/div>\n\t\t\t\t\t\t<\/div>\n\t\t\t\t<\/div>\n\t\t\t\t\t<\/div>\n\t\t<\/div>\n\t\t\t\t\t<\/div>\n\t\t<\/section>\n\t\t\t\t<\/div>\n\t\t","protected":false},"excerpt":{"rendered":"","protected":false},"author":1,"featured_media":0,"parent":0,"menu_order":0,"comment_status":"closed","ping_status":"closed","template":"","meta":{"site-sidebar-layout":"default","site-content-layout":"","ast-site-content-layout":"default","site-content-style":"default","site-sidebar-style":"default","ast-global-header-display":"","ast-banner-title-visibility":"","ast-main-header-display":"","ast-hfb-above-header-display":"","ast-hfb-below-header-display":"","ast-hfb-mobile-header-display":"","site-post-title":"","ast-breadcrumbs-content":"","ast-featured-img":"","footer-sml-layout":"","theme-transparent-header-meta":"","adv-header-id-meta":"","stick-header-meta":"","header-above-stick-meta":"","header-main-stick-meta":"","header-below-stick-meta":"","astra-migrate-meta-layouts":"default","ast-page-background-enabled":"default","ast-page-background-meta":{"desktop":{"background-color":"var(--ast-global-color-4)","background-image":"","background-repeat":"repeat","background-position":"center center","background-size":"auto","background-attachment":"scroll","background-type":"","background-media":"","overlay-type":"","overlay-color":"","overlay-opacity":"","overlay-gradient":""},"tablet":{"background-color":"","background-image":"","background-repeat":"repeat","background-position":"center center","background-size":"auto","background-attachment":"scroll","background-type":"","background-media":"","overlay-type":"","overlay-color":"","overlay-opacity":"","overlay-gradient":""},"mobile":{"background-color":"","background-image":"","background-repeat":"repeat","background-position":"center center","background-size":"auto","background-attachment":"scroll","background-type":"","background-media":"","overlay-type":"","overlay-color":"","overlay-opacity":"","overlay-gradient":""}},"ast-content-background-meta":{"desktop":{"background-color":"var(--ast-global-color-5)","background-image":"","background-repeat":"repeat","background-position":"center center","background-size":"auto","background-attachment":"scroll","background-type":"","background-media":"","overlay-type":"","overlay-color":"","overlay-opacity":"","overlay-gradient":""},"tablet":{"background-color":"var(--ast-global-color-5)","background-image":"","background-repeat":"repeat","background-position":"center center","background-size":"auto","background-attachment":"scroll","background-type":"","background-media":"","overlay-type":"","overlay-color":"","overlay-opacity":"","overlay-gradient":""},"mobile":{"background-color":"var(--ast-global-color-5)","background-image":"","background-repeat":"repeat","background-position":"center center","background-size":"auto","background-attachment":"scroll","background-type":"","background-media":"","overlay-type":"","overlay-color":"","overlay-opacity":"","overlay-gradient":""}},"footnotes":""},"class_list":["post-1509","page","type-page","status-publish","hentry"],"yoast_head":"<!-- This site is optimized with the Yoast SEO Premium plugin v22.0 (Yoast SEO v22.0) - https:\/\/yoast.com\/wordpress\/plugins\/seo\/ -->\n<title>Carrito - Distribuidor Autorizado Torrey Cuautitl\u00e1n<\/title>\n<meta name=\"description\" content=\"Equipos Torrey, refrigeraci\u00f3n, pesaje, cocci\u00f3n, procesamiento de alimentos, snack, refrigeradores, vitrinas cremeras, vitrinas carniceras, congeladores horizontales, b\u00e1sculas, molinos, rebanadoras.\" \/>\n<meta name=\"robots\" content=\"index, follow, max-snippet:-1, max-image-preview:large, max-video-preview:-1\" \/>\n<link rel=\"canonical\" href=\"https:\/\/frigochef.com.mx\/cuautitlan\/carrito\/\" \/>\n<meta property=\"og:locale\" content=\"es_MX\" \/>\n<meta property=\"og:type\" content=\"article\" \/>\n<meta property=\"og:title\" content=\"Carrito\" \/>\n<meta property=\"og:description\" content=\"Equipos Torrey, refrigeraci\u00f3n, pesaje, cocci\u00f3n, procesamiento de alimentos, snack, refrigeradores, vitrinas cremeras, vitrinas carniceras, congeladores horizontales, b\u00e1sculas, molinos, rebanadoras.\" \/>\n<meta property=\"og:url\" content=\"https:\/\/frigochef.com.mx\/cuautitlan\/carrito\/\" \/>\n<meta property=\"og:site_name\" content=\"Distribuidor Autorizado Torrey Cuautitl\u00e1n\" \/>\n<meta property=\"article:publisher\" content=\"https:\/\/facebook.com\/frigochef.com.mx\" \/>\n<meta property=\"article:modified_time\" content=\"2023-08-28T21:36:49+00:00\" \/>\n<meta property=\"og:image\" content=\"https:\/\/frigochef.com.mx\/cuautitlan\/wp-content\/uploads\/2023\/08\/frigochef-torrey-autorizado-mexico-.png\" \/>\n\t<meta property=\"og:image:width\" content=\"350\" \/>\n\t<meta property=\"og:image:height\" content=\"330\" \/>\n\t<meta property=\"og:image:type\" content=\"image\/png\" \/>\n<meta name=\"twitter:card\" content=\"summary_large_image\" \/>\n<meta name=\"twitter:label1\" content=\"Tiempo de lectura\" \/>\n\t<meta name=\"twitter:data1\" content=\"1 minuto\" \/>\n<script type=\"application\/ld+json\" class=\"yoast-schema-graph\">{\"@context\":\"https:\/\/schema.org\",\"@graph\":[{\"@type\":\"WebPage\",\"@id\":\"https:\/\/frigochef.com.mx\/cuautitlan\/carrito\/\",\"url\":\"https:\/\/frigochef.com.mx\/cuautitlan\/carrito\/\",\"name\":\"Carrito - Distribuidor Autorizado Torrey Cuautitl\u00e1n\",\"isPartOf\":{\"@id\":\"https:\/\/frigochef.com.mx\/cuautitlan\/#website\"},\"datePublished\":\"2023-06-02T04:00:36+00:00\",\"dateModified\":\"2023-08-28T21:36:49+00:00\",\"description\":\"Equipos Torrey, refrigeraci\u00f3n, pesaje, cocci\u00f3n, procesamiento de alimentos, snack, refrigeradores, vitrinas cremeras, vitrinas carniceras, congeladores horizontales, b\u00e1sculas, molinos, rebanadoras.\",\"breadcrumb\":{\"@id\":\"https:\/\/frigochef.com.mx\/cuautitlan\/carrito\/#breadcrumb\"},\"inLanguage\":\"es\",\"potentialAction\":[{\"@type\":\"ReadAction\",\"target\":[\"https:\/\/frigochef.com.mx\/cuautitlan\/carrito\/\"]}]},{\"@type\":\"BreadcrumbList\",\"@id\":\"https:\/\/frigochef.com.mx\/cuautitlan\/carrito\/#breadcrumb\",\"itemListElement\":[{\"@type\":\"ListItem\",\"position\":1,\"name\":\"Portada\",\"item\":\"https:\/\/frigochef.com.mx\/cuautitlan\/\"},{\"@type\":\"ListItem\",\"position\":2,\"name\":\"Carrito\"}]},{\"@type\":\"WebSite\",\"@id\":\"https:\/\/frigochef.com.mx\/cuautitlan\/#website\",\"url\":\"https:\/\/frigochef.com.mx\/cuautitlan\/\",\"name\":\"Distribuidor Autorizado Torrey Cuautitl\u00e1n\",\"description\":\"Basculas, molinos, refrigeradores, rebanadoras, sierras, vitrinas, congeladores Torrey Cuautitl\u00e1n\",\"publisher\":{\"@id\":\"https:\/\/frigochef.com.mx\/cuautitlan\/#organization\"},\"alternateName\":\"Equipos Torrey M\u00e9xico\",\"potentialAction\":[{\"@type\":\"SearchAction\",\"target\":{\"@type\":\"EntryPoint\",\"urlTemplate\":\"https:\/\/frigochef.com.mx\/cuautitlan\/?s={search_term_string}\"},\"query-input\":\"required name=search_term_string\"}],\"inLanguage\":\"es\"},{\"@type\":\"Organization\",\"@id\":\"https:\/\/frigochef.com.mx\/cuautitlan\/#organization\",\"name\":\"Venta de equipos y productos Torrey Migsa International Mibrasa Universal Polar en M\u00e9xico\",\"alternateName\":\"Equipos Torrey M\u00e9xico\",\"url\":\"https:\/\/frigochef.com.mx\/cuautitlan\/\",\"logo\":{\"@type\":\"ImageObject\",\"inLanguage\":\"es\",\"@id\":\"https:\/\/frigochef.com.mx\/cuautitlan\/#\/schema\/logo\/image\/\",\"url\":\"https:\/\/frigochef.com.mx\/cuautitlan\/wp-content\/uploads\/2023\/08\/frigochef-torrey-autorizado-mexico-.png\",\"contentUrl\":\"https:\/\/frigochef.com.mx\/cuautitlan\/wp-content\/uploads\/2023\/08\/frigochef-torrey-autorizado-mexico-.png\",\"width\":350,\"height\":330,\"caption\":\"Venta de equipos y productos Torrey Migsa International Mibrasa Universal Polar en M\u00e9xico\"},\"image\":{\"@id\":\"https:\/\/frigochef.com.mx\/cuautitlan\/#\/schema\/logo\/image\/\"},\"sameAs\":[\"https:\/\/facebook.com\/frigochef.com.mx\"],\"description\":\"Equipos Torrey, refrigeraci\u00f3n, pesaje, cocci\u00f3n, procesamiento de alimentos, snack, refrigeradores, vitrinas cremeras, vitrinas carniceras, congeladores horizontales, b\u00e1sculas, molinos, rebanadoras.\",\"email\":\"info123@frigochef.com.mx\",\"telephone\":\"55-5207-7032\",\"legalName\":\"Frigochef Torrey M\u00e9xico\"}]}<\/script>\n<!-- \/ Yoast SEO Premium plugin. -->","yoast_head_json":{"title":"Carrito - Distribuidor Autorizado Torrey Cuautitl\u00e1n","description":"Equipos Torrey, refrigeraci\u00f3n, pesaje, cocci\u00f3n, procesamiento de alimentos, snack, refrigeradores, vitrinas cremeras, vitrinas carniceras, congeladores horizontales, b\u00e1sculas, molinos, rebanadoras.","robots":{"index":"index","follow":"follow","max-snippet":"max-snippet:-1","max-image-preview":"max-image-preview:large","max-video-preview":"max-video-preview:-1"},"canonical":"https:\/\/frigochef.com.mx\/cuautitlan\/carrito\/","og_locale":"es_MX","og_type":"article","og_title":"Carrito","og_description":"Equipos Torrey, refrigeraci\u00f3n, pesaje, cocci\u00f3n, procesamiento de alimentos, snack, refrigeradores, vitrinas cremeras, vitrinas carniceras, congeladores horizontales, b\u00e1sculas, molinos, rebanadoras.","og_url":"https:\/\/frigochef.com.mx\/cuautitlan\/carrito\/","og_site_name":"Distribuidor Autorizado Torrey Cuautitl\u00e1n","article_publisher":"https:\/\/facebook.com\/frigochef.com.mx","article_modified_time":"2023-08-28T21:36:49+00:00","og_image":[{"width":350,"height":330,"url":"https:\/\/frigochef.com.mx\/cuautitlan\/wp-content\/uploads\/2023\/08\/frigochef-torrey-autorizado-mexico-.png","type":"image\/png"}],"twitter_card":"summary_large_image","twitter_misc":{"Tiempo de lectura":"1 minuto"},"schema":{"@context":"https:\/\/schema.org","@graph":[{"@type":"WebPage","@id":"https:\/\/frigochef.com.mx\/cuautitlan\/carrito\/","url":"https:\/\/frigochef.com.mx\/cuautitlan\/carrito\/","name":"Carrito - Distribuidor Autorizado Torrey Cuautitl\u00e1n","isPartOf":{"@id":"https:\/\/frigochef.com.mx\/cuautitlan\/#website"},"datePublished":"2023-06-02T04:00:36+00:00","dateModified":"2023-08-28T21:36:49+00:00","description":"Equipos Torrey, refrigeraci\u00f3n, pesaje, cocci\u00f3n, procesamiento de alimentos, snack, refrigeradores, vitrinas cremeras, vitrinas carniceras, congeladores horizontales, b\u00e1sculas, molinos, rebanadoras.","breadcrumb":{"@id":"https:\/\/frigochef.com.mx\/cuautitlan\/carrito\/#breadcrumb"},"inLanguage":"es","potentialAction":[{"@type":"ReadAction","target":["https:\/\/frigochef.com.mx\/cuautitlan\/carrito\/"]}]},{"@type":"BreadcrumbList","@id":"https:\/\/frigochef.com.mx\/cuautitlan\/carrito\/#breadcrumb","itemListElement":[{"@type":"ListItem","position":1,"name":"Portada","item":"https:\/\/frigochef.com.mx\/cuautitlan\/"},{"@type":"ListItem","position":2,"name":"Carrito"}]},{"@type":"WebSite","@id":"https:\/\/frigochef.com.mx\/cuautitlan\/#website","url":"https:\/\/frigochef.com.mx\/cuautitlan\/","name":"Distribuidor Autorizado Torrey Cuautitl\u00e1n","description":"Basculas, molinos, refrigeradores, rebanadoras, sierras, vitrinas, congeladores Torrey Cuautitl\u00e1n","publisher":{"@id":"https:\/\/frigochef.com.mx\/cuautitlan\/#organization"},"alternateName":"Equipos Torrey M\u00e9xico","potentialAction":[{"@type":"SearchAction","target":{"@type":"EntryPoint","urlTemplate":"https:\/\/frigochef.com.mx\/cuautitlan\/?s={search_term_string}"},"query-input":"required name=search_term_string"}],"inLanguage":"es"},{"@type":"Organization","@id":"https:\/\/frigochef.com.mx\/cuautitlan\/#organization","name":"Venta de equipos y productos Torrey Migsa International Mibrasa Universal Polar en M\u00e9xico","alternateName":"Equipos Torrey M\u00e9xico","url":"https:\/\/frigochef.com.mx\/cuautitlan\/","logo":{"@type":"ImageObject","inLanguage":"es","@id":"https:\/\/frigochef.com.mx\/cuautitlan\/#\/schema\/logo\/image\/","url":"https:\/\/frigochef.com.mx\/cuautitlan\/wp-content\/uploads\/2023\/08\/frigochef-torrey-autorizado-mexico-.png","contentUrl":"https:\/\/frigochef.com.mx\/cuautitlan\/wp-content\/uploads\/2023\/08\/frigochef-torrey-autorizado-mexico-.png","width":350,"height":330,"caption":"Venta de equipos y productos Torrey Migsa International Mibrasa Universal Polar en M\u00e9xico"},"image":{"@id":"https:\/\/frigochef.com.mx\/cuautitlan\/#\/schema\/logo\/image\/"},"sameAs":["https:\/\/facebook.com\/frigochef.com.mx"],"description":"Equipos Torrey, refrigeraci\u00f3n, pesaje, cocci\u00f3n, procesamiento de alimentos, snack, refrigeradores, vitrinas cremeras, vitrinas carniceras, congeladores horizontales, b\u00e1sculas, molinos, rebanadoras.","email":"info123@frigochef.com.mx","telephone":"55-5207-7032","legalName":"Frigochef Torrey M\u00e9xico"}]}},"_links":{"self":[{"href":"https:\/\/frigochef.com.mx\/cuautitlan\/wp-json\/wp\/v2\/pages\/1509","targetHints":{"allow":["GET"]}}],"collection":[{"href":"https:\/\/frigochef.com.mx\/cuautitlan\/wp-json\/wp\/v2\/pages"}],"about":[{"href":"https:\/\/frigochef.com.mx\/cuautitlan\/wp-json\/wp\/v2\/types\/page"}],"author":[{"embeddable":true,"href":"https:\/\/frigochef.com.mx\/cuautitlan\/wp-json\/wp\/v2\/users\/1"}],"replies":[{"embeddable":true,"href":"https:\/\/frigochef.com.mx\/cuautitlan\/wp-json\/wp\/v2\/comments?post=1509"}],"version-history":[{"count":15,"href":"https:\/\/frigochef.com.mx\/cuautitlan\/wp-json\/wp\/v2\/pages\/1509\/revisions"}],"predecessor-version":[{"id":9420,"href":"https:\/\/frigochef.com.mx\/cuautitlan\/wp-json\/wp\/v2\/pages\/1509\/revisions\/9420"}],"wp:attachment":[{"href":"https:\/\/frigochef.com.mx\/cuautitlan\/wp-json\/wp\/v2\/media?parent=1509"}],"curies":[{"name":"wp","href":"https:\/\/api.w.org\/{rel}","templated":true}]}}